(v) = 18*v - 425. Calculate w(23).
-11
Let k(s) = -s - 33. What is k(-36)?
3
Let z(p) = -3*p + 4. Calculate z(6).
-14
Let p(b) = -2*b**3 + 11*b**2 + 8*b + 4. Determine p(6).
16
Let f(u) = u**3 + 10*u**2 + 11*u + 12. Determine f(-9).
-6
Let j(y) = -9*y**3 - y**2 + y - 1. Give j(1).
-10
Let v(a) = -a - 15. What is v(-5)?
-10
Let b(y) = 2*y**2 - 3*y + 4. Determine b(-3).
31
Let f(t) = -t**2 + 8*t - 22. Determine f(4).
-6
Let w(u) = 2*u**2 - 15*u - 8. Give w(7).
-15
Let o(m) = 5*m - 5. Determine o(-10).
-55
Let h(x) = -29*x**2 - 2*x + 2. Give h(1).
-29
Let k(n) = -3*n - 78. Determine k(-26).
0
Let x(y) = y**2 - 10*y - 45. Give x(13).
-6
Let o(b) = -b + 13. What is o(7)?
6
Let k(m) = m**2 + 5*m - 29. What is k(4)?
7
Let d(n) = 27*n. Determine d(-1).
-27
Let o(y) = y**2 - y - 49. Determine o(8).
7
Let a(d) = 4*d - 6. Determine a(8).
26
Let v(f) = 2*f**2 - 4*f + 3. Calculate v(5).
33
Let b(z) = z**3 + 7*z**2 - 21. Calculate b(-6).
15
Let j(l) = -9*l - 30. What is j(-4)?
6
Let v(n) = -n**2 + 7*n - 12. Determine v(7).
-12
Let q(f) = -4*f - 4. What is q(-4)?
12
Let o(i) = -3*i**2 + 9*i + 2. Calculate o(4).
-10
Let v(z) = -7*z - 36. Determine v(-6).
6
Let a(r) = r**2 + 8. Give a(0).
8
Let l(p) = 4*p**3 + 2*p + 2. Determine l(-2).
-34
Let h(y) = -15*y + 265. What is h(17)?
10
Let n(c) = c**2 + 12*c + 22. Determine n(-9).
-5
Let i(y) = 8*y - 49. Calculate i(6).
-1
Let s(t) = -t**2 + 9*t - 12. Calculate s(9).
-12
Let y(f) = 3*f**2 - 7*f - 18. Give y(7).
80
Let y(f) = f**2 - 17. Calculate y(7).
32
Let v(x) = -21*x + 39. Determine v(2).
-3
Let k(f) = f**2 + 30*f + 59. What is k(-26)?
-45
Let q(h) = 2*h**2 + 6*h + 1. Give q(-3).
1
Let w(s) = -s**3 + 3*s**2 + 2*s - 2. Determine w(-2).
14
Let w(q) = -9*q**3 + 2*q**2 - 4*q + 3. Give w(1).
-8
Let t(f) = -f**2 - 2*f + 6. What is t(-14)?
-162
Let a(b) = b**3 + 11*b**2 + 10*b - 3. Determine a(-10).
-3
Let s(z) = -2*z**2 - 6*z + 1. Calculate s(-4).
-7
Let y(t) = -t**3 + 6*t**2 + 6*t + 13. Calculate y(7).
6
Let d(y) = -y + 7. Calculate d(4).
3
Let t(x) = -x**2 - 9*x - 3. Determine t(-8).
5
Let h(t) = -t**3 + 6*t**2 + 11*t + 34. Determine h(8).
-6
Let k(o) = 7*o + 23. Calculate k(-11).
-54
Let y(v) = v**2 + 11*v - 101. Give y(-16).
-21
Let u(h) = h**3 - 6*h**2 + 2*h + 9. Calculate u(5).
-6
Let b(k) = 38*k + 5. Give b(-2).
-71
Let i(h) = -8*h - 7. Calculate i(-7).
49
Let l(f) = f**2 + 2*f + 9. Determine l(0).
9
Let u(i) = -i**3 + 8*i**2 - 9*i - 12. Determine u(5).
18
Let j(o) = -o**3 + 2*o**2 + 3*o - 1. Calculate j(0).
-1
Let i(m) = 8*m + 3. Give i(1).
11
Let h(k) = k**2 - 13*k + 8. Determine h(5).
-32
Let l(m) = -m**2 + 12*m - 1. What is l(9)?
26
Let w(o) = 4*o + 2. Give w(-11).
-42
Let d(o) = 3*o**3 - 2*o**2 + 6*o - 4. Calculate d(1).
3
Let p(o) = 19*o + 3. What is p(-3)?
-54
Let t(c) = -c**3 - 4*c**2 + 5*c + 6. Calculate t(-5).
6
Let v(b) = 2*b**2 + 6*b - 6. What is v(-5)?
14
Let h(r) = r**2 + 2. Calculate h(4).
18
Let t(r) = -r**2 + 180*r - 875. Determine t(5).
0
Let x(w) = -w**3 + 3*w**2 + 2*w - 1. What is x(4)?
-9
Let f(t) = 2*t**2 - 12*t + 6. What is f(5)?
-4
Let r(y) = -2*y + 22. Give r(6).
10
Let v(q) = 21*q - 60. Determine v(3).
3
Let y(u) = -5*u - 19. What is y(-3)?
-4
Let c(h) = -h**2 + 5*h - 4. What is c(9)?
-40
Let g(r) = r**3 - 27*r**2 - 34*r + 179. Give g(28).
11
Let k(n) = -7*n. Give k(-4).
28
Let w(o) = -o - 6. What is w(-9)?
3
Let p(c) = -c**2 + 8*c - 28. Calculate p(4).
-12
Let s(x) = x**3 - 3*x**2 - x + 6. Determine s(2).
0
Let r(z) = -z**2 + 4*z + 8. Calculate r(5).
3
Let y(o) = -13*o - 26. What is y(-6)?
52
Let q(z) = -13*z + 2. Calculate q(1).
-11
Let o(f) = 4*f - 9. Determine o(4).
7
Let v(u) = 3*u**3 + 6*u**2 - 14*u + 21. Determine v(3).
114
Let m(y) = -3*y - 13. Determine m(2).
-19
Let l(g) = g**3 + 5*g**2 - 7*g - 4. Calculate l(-6).
2
Let n(q) = q**2 + 22*q + 120. Give n(-14).
8
Let d(j) = -j**2 + 21*j - 30. What is d(14)?
68
Let n(x) = 3*x**2 + 59*x - 25. Calculate n(-20).
-5
Let f(h) = -6*h + 13. Calculate f(7).
-29
Let j(f) = -f**2 + 6*f - 7. Give j(7).
-14
Let j(n) = 10*n**2 + 11*n + 15. Give j(-5).
210
Let g(a) = -a**2 - 19*a - 1. Calculate g(-18).
17
Let v(r) = -r**2 - 4*r + 76. Determine v(-9).
31
Let q(w) = -w**3 - w**2 - 3*w - 5. Determine q(-2).
5
Let d(a) = 19*a - 4. Give d(-1).
-23
Let l(z) = 16*z - 39. Determine l(2).
-7
Let l(b) = 50*b**2. Determine l(-1).
50
Let p(w) = -w + 1. Give p(-2).
3
Let g(y) = 2*y**3 + 6*y**2 - 3*y + 14. What is g(-5)?
-71
Let a(r) = r**3 - 4*r**2 + 4*r - 3. Give a(3).
0
Let i(o) = -o**2 + 7*o - 3. Determine i(7).
-3
Let p(d) = -d**3 + 8*d**2 - 6*d - 5. What is p(7)?
2
Let m(c) = -2*c**2 - 14*c - 18. Calculate m(-5).
2
Let g(r) = -2*r - 6. Give g(-8).
10
Let m(s) = s**2 + 6*s + 3. Give m(-8).
19
Let u(t) = -30*t - 176. Calculate u(-6).
4
Let p(k) = -k**3 - 7*k**2 - 21*k - 50. Give p(-5).
5
Let a(k) = k**2 + 15*k + 24. Calculate a(-16).
40
Let i(d) = d**3 + 53*d**2 + 5*d + 236. Determine i(-53).
-29
Let o(z) = z**2 + 11*z - 12. What is o(-14)?
30
Let a(r) = -2*r - 3. Determine a(-3).
3
Let w(p) = p**3 + 25*p**2 + 22*p - 43. Calculate w(-24).
5
Let b(v) = -v**2 + 8*v + 4. Calculate b(8).
4
Let v(d) = -13*d + 373. Give v(28).
9
Let h(n) = n**3 - 14*n - 1. Calculate h(4).
7
Let i(v) = -5*v - 8. What is i(6)?
-38
Let d(p) = -p**2 - 10*p - 3. Give d(-9).
6
Let y(p) = p**2 + 5*p - 2. Calculate y(-2).
-8
Let c(t) = 161*t**3 + t + 1. What is c(-1)?
-161
Let d(j) = -j**3 - 12*j + 52. Determine d(3).
-11
Let j(p) = p**3 - 8*p. Calculate j(4).
32
Let f(m) = 2*m + 6. What is f(-9)?
-12
Let x(q) = 2*q - 27. Give x(15).
3
Let q(x) = 3*x**2 - 3*x + 2. Give q(3).
20
Let c(q) = -q**3 - 13*q**2 - 2*q - 2. Calculate c(-13).
24
Let o(u) = u - 3. Give o(-8).
-11
Let l(z) = -23*z - 1140. Determine l(-50).
10
Let z(t) = -t**2 + 3. Give z(7).
-46
Let u(h) = -h**2 - 10*h + 24. Determine u(-13).
-15
Let p(x) = x**3 - 5*x**2 + 5*x - 4. Determine p(3).
-7
Let r(a) = -a**3 - 5*a**2 - 5*a + 3. What is r(-5)?
28
Let r(l) = -l**3 + l - 2. What is r(-2)?
4
Let k(w) = -w**3 - 3*w**2 - w + 2. Calculate k(-3).
5
Let f(a) = 27*a**2 + 21*a - 22. Give f(1).
26
Let a(d) = d**2 + 5*d - 3. What is a(-8)?
21
Let o(c) = -c + 27. Determine o(24).
3
Let z(p) = -p**2 + 31*p + 86. Calculate z(32).
54
Let z(g) = 4*g - 6. What is z(4)?
10
Let i(s) = -3*s**2 + 10*s - 18. Determine i(2).
-10
Let m(h) = h + 8. Give m(-15).
-7
Let t(d) = 3*d - 34. Give t(11).
-1
Let l(c) = c**3 - 14*c**2 - 34*c + 15. Determine l(16).
-17
Let h(y) = 2*y - 35. What is h(20)?
5
Let p(l) = 4*l + 80. Give p(-17).
12
Let s(q) = 15*q - 82. Calculate s(5).
-7
Let m(l) = -103*l + 8. Determine m(1).
-95
Let n(d) = 126*d + 1644. What is n(-13)?
6
Let m(r) = -4*r + 1. Determine m(-7).
29
Let o(n) = n**3 - 6*n**2 - 15*n. What is o(-2)?
-2
Let d(g) = -g**3 + 4*g**2 + g + 11. What is d(5)?
-9
Let f(c) = 2*c**3 + 23*c**2 + 6*c - 6. Calculate f(-11).
49
Let i(n) = 8*n + 7. What is i(-5)?
-33
Let s(g) = -31*g**3 - 1. Determine s(-1).
30
Let g(w) = w**2 - 28*w + 159. Give g(19).
-12
Let g(i) = i**2 + 15*i - 5. What is g(-9)?
-59
Let u(y) = y**3 + 9*y**2 - 7*y - 4. Give u(-10).
-34
Let z(t) = t**3 + 13*t**2 + 16*t + 65. Give z(-12).
17
Let v(b) = -b**2 - 27*b + 34. Determine v(-28).
6
Let h(j) = -j**2 + 6*j - 11. Determine h(5).
-6
Let n(y) = y**3 + 7*y**2 - 6*y - 1. Calculate n(-7).
41
Let v(m) = 3*m**2 - 5*m - 2. What is v(3)?
10
Let m(i) = 2*i**2 - 10*i - 17. Determine m(-2).
11
Let s(a) = 7*a**2 - 3*a - 1. What is s(-1)?
9
Let p(s) = 7*s**2 + 13*s + 4. Determine p(-3).
28
Let g(i) = 16*i**2. What is g(-1)?
16
Let o(j) = -3*j**2 - 13*j + 1. Calculate o(-4).
5
Let x(t) = 2*t**3 - 3*t**2 - 3*t + 2. Calculate x(-3).
-70
Let l(d) = d**2 + 18*d - 18. Determine l(1).
1
Let z(n) = n**3 + 7*n**2 + 6*n - 14. Determine z(-5).
6
Let d(u) = -u**3 - 5*u**2 + 23*u - 4. Determine d(-8).
4
Let g(k) = -k**2 - 6*k - 8. What is g(-8)?
-24
Let t(p) = -p**3 - 15*p**2 - 14*p + 4. Give t(-14).
4
Let w(a) = a - 7. Calculate w(15).
8
Let s(f) = -f**2 - 10*f - 5. Determine s(-11).
-16
Let v(b) = -b**3 + 7*b**2 + 13*b + 3. Calculate v(9).
-42
Let y(g) = -g**3 - g**2 + 2*g - 2. Give y(-2).
-2
Let m(r) = r + 8. Give m(-7).
1
Let t(p) = p**2 - 10*p + 2. Calculate t(9).
-7
Let w(j) = -2*j**2 + j - 2. Determine w(-3).
-23
Let g(w) = -2*w**2 - 11*w + 15. Give g(-9).
-4